f 1023 and 1099756.
31
Calculate the greatest common factor of 4 and 10564944.
4
What is the greatest common factor of 4271536 and 16?
16
What is the highest common divisor of 14936752 and 92?
92
Calculate the greatest common factor of 185674 and 18649315.
5461
What is the highest common divisor of 68224 and 926848?
1664
Calculate the highest common divisor of 187466056 and 32.
8
Calculate the highest common divisor of 105740490 and 313410.
10110
What is the highest common divisor of 6855136 and 58384?
1424
Calculate the highest common factor of 86523570 and 210.
210
What is the greatest common divisor of 85068 and 742713?
51
What is the greatest common factor of 1844 and 12034866?
922
What is the greatest common divisor of 78 and 16107078?
78
Calculate the greatest common divisor of 42021210 and 4290.
330
What is the greatest common divisor of 6500 and 1232484500?
6500
Calculate the highest common divisor of 45436635 and 435.
15
What is the highest common divisor of 18816266 and 55776?
1162
What is the highest common divisor of 486 and 27658017?
243
Calculate the highest common divisor of 1059329 and 747.
83
What is the greatest common divisor of 37497011 and 5177?
5177
Calculate the greatest common factor of 36612 and 199341.
81
Calculate the highest common factor of 4819 and 73571673.
4819
Calculate the greatest common divisor of 111 and 262537940.
37
Calculate the highest common divisor of 11385 and 954684.
207
What is the greatest common factor of 3419109 and 274?
137
Calculate the greatest common divisor of 223776 and 15456.
672
Calculate the greatest common factor of 107162 and 4037.
11
Calculate the highest common divisor of 2755 and 4987101.
551
What is the highest common factor of 189 and 80262693?
63
Calculate the highest common factor of 69443 and 493889.
649
What is the highest common divisor of 775620 and 20433?
417
Calculate the highest common divisor of 12736779 and 1639.
11
What is the highest common factor of 10 and 21518065?
5
What is the greatest common factor of 3922110 and 4?
2
What is the highest common factor of 55 and 948625?
5
Calculate the highest common divisor of 105 and 3569244.
21
Calculate the highest common divisor of 586430313 and 3759.
3759
Calculate the greatest common factor of 10290 and 1081080.
210
What is the greatest common factor of 50494507 and 14?
7
What is the highest common divisor of 23664 and 39991?
29
What is the greatest common divisor of 1140527360 and 28?
28
What is the highest common divisor of 27 and 24684?
3
Calculate the highest common factor of 163548483 and 168.
21
Calculate the highest common factor of 481 and 69266405.
481
Calculate the greatest common divisor of 44 and 211311804.
44
What is the greatest common factor of 80 and 4212016?
16
Calculate the greatest common factor of 26 and 195131053.
13
What is the greatest common factor of 4675192 and 200?
8
Calculate the highest common divisor of 2035596 and 252.
12
Calculate the highest common divisor of 2499 and 9380175.
357
What is the highest common divisor of 1508 and 324200396?
1508
Calculate the greatest common factor of 20 and 80759015.
5
What is the greatest common divisor of 4345 and 556442425?
4345
Calculate the greatest common divisor of 21627 and 133233.
267
What is the highest common divisor of 184 and 23602856?
8
What is the greatest common divisor of 6449858415 and 35?
35
What is the greatest common factor of 43134569 and 330779?
4937
Calculate the greatest common divisor of 11129 and 605833.
31
Calculate the greatest common divisor of 7199094 and 214022.
1894
Calculate the highest common factor of 57835 and 4122410.
215
Calculate the greatest common divisor of 24413846 and 1062.
118
What is the highest common factor of 2990 and 66980186?
598
Calculate the highest common factor of 98212315 and 2890.
1445
Calculate the greatest common factor of 75348 and 8606.
26
Calculate the greatest common factor of 138930925 and 98.
49
Calculate the highest common factor of 156 and 135411692.
52
What is the greatest common factor of 18003 and 25073943?
1059
What is the highest common divisor of 234940 and 384880?
340
Calculate the highest common divisor of 153 and 27339723.
153
Calculate the greatest common factor of 4165650 and 630.
90
Calculate the greatest common divisor of 378 and 115990812.
378
What is the greatest common divisor of 31067640 and 275355?
9495
What is the greatest common divisor of 2860 and 832190?
10
Calculate the greatest common factor of 81 and 119772297.
27
What is the greatest common divisor of 12 and 169123324?
4
What is the highest common divisor of 60058345 and 40?
5
Calculate the highest common divisor of 40362 and 654906.
1302
What is the highest common divisor of 1505986079 and 1222?
611
What is the greatest common divisor of 23620 and 61147456?
4724
What is the highest common factor of 25296 and 894336?
816
Calculate the highest common factor of 62586 and 83106.
1026
What is the greatest common factor of 189988175 and 4267?
4267
What is the highest common factor of 14364 and 172886?
14
What is the greatest common divisor of 174869636 and 124?
124
What is the highest common factor of 391243091 and 167?
167
Calculate the highest common divisor of 14297184 and 1188.
396
What is the highest common divisor of 472 and 28033378?
118
What is the greatest common divisor of 46 and 17853382?
46
Calculate the highest common factor of 468 and 10896132.
156
What is the highest common factor of 2925 and 83685225?
975
What is the greatest common divisor of 10200 and 14890?
10
What is the greatest common factor of 6717735 and 5265?
405
What is the greatest common divisor of 74405520 and 3040?
1520
Calculate the highest common divisor of 16 and 116031248.
16
Calculate the highest common divisor of 48640 and 56914880.
6080
What is the highest common divisor of 51 and 631023?
51
Calculate the greatest common factor of 135961159 and 298.
149
What is the greatest common factor of 414040 and 11000?
440
Calculate the greatest common divisor of 8240 and 3186760.
40
Calculate the greatest common factor of 57649640 and 50.
10
Calculate the greatest common divisor of 40244130 and 6.
6
Calculate the highest common divisor of 26140696 and 56.
8
What is the highest common factor of 665018238 and 6?
6
What is the greatest common factor of 35959 and 57409?
11
Calculate the greatest common factor of 19659310 and 3740.
1870
Calculate the greatest common divisor of 324880 and 1060.
20
Calculate the highest common divisor of 258443317 and 904.
113
What is the highest common divisor of 2314151 and 28301?
2177
Calculate the greatest common factor of 63700 and 11069149.
637
What is the greatest common factor of 13224 and 12322108?
76
What is the greatest common divisor of 44 and 41396696?
44
Calculate the greatest common divisor of 26429846 and 29.
29
What is the highest common factor of 479 and 37894169?
479
What is the highest common factor of 393983 and 2537833?
809
What is the highest common divisor of 3325 and 34195?
35
Calculate the highest common divisor of 7797 and 252095203.
2599
Calculate the highest common factor of 583854583 and 2041.
2041
Calculate the greatest common factor of 674578 and 15557.
331
Calculate the greatest common factor of 10881 and 19560411.
3627
What is the highest common factor of 56688993 and 205123?
5003
What is the greatest common divisor of 6745 and 87931015?
355
Calculate the greatest common factor of 6642 and 212733.
27
Calculate the greatest common factor of 6 and 404797116.
6
Calculate the greatest common divisor of 161 and 3287011.
7
Calculate the highest common factor of 38 and 1818578.
2
What is the greatest common divisor of 99 and 24337401?
33
Calculate the highest common factor of 3350 and 90835518.
134
Calculate the greatest common factor of 11385975 and 225.
75
What is the greatest common divisor of 4389114 and 228?
114
Calculate the highest common divisor of 330 and 698665.
55
What is the greatest common divisor of 42 and 95623563?
21
What is the greatest common divisor of 432 and 227312?
16
What is the greatest common factor of 1393 and 1044554?
7
Calculate the highest common divisor of 36 and 15260274.
18
What is the greatest common factor of 120488570 and 10?
10
Calculate the highest co